{"id":848,"date":"2012-01-04T09:23:50","date_gmt":"2012-01-04T12:23:50","guid":{"rendered":"http:\/\/www.sinepe-pi.org.br\/?page_id=848"},"modified":"2022-03-31T12:16:56","modified_gmt":"2022-03-31T15:16:56","slug":"historia","status":"publish","type":"page","link":"https:\/\/www.sinepe-pi.org.br\/site\/historia\/","title":{"rendered":"Hist\u00f3ria"},"content":{"rendered":"\n<p class=\"has-black-color has-text-color\">Constitu\u00eddo como entidade sindical em 1985, o Sindicato dos Estabelecimentos de Ensino do Estado do Piau\u00ed \u2013 SINEPE-PI, tem sua sede e foro na cidade de Teresina e base territorial no Estado do Piau\u00ed, com o objetivo de organizar, representar e fortalecer as escolas e faculdades particulares do Piau\u00ed. H\u00e1 37 anos, o Sindicato \u00e9 portanto, leg\u00edtimo representante das institui\u00e7\u00f5es de ensino da rede privada nesta unidade federada.<\/p>\n\n\n\n<p>Ao longo desse tempo, o SINEPE-PI se credenciou como o interlocutor do ensino particular no Piau\u00ed. O trabalho obstinado dos seus fundadores e dirigentes muito contribuiu para aumentar o prest\u00edgio das nossas institui\u00e7\u00f5es de ensino junto \u00e0 sociedade. Nossos estabelecimentos filiados integram uma rede que prima por uma educa\u00e7\u00e3o de excel\u00eancia articulada ao processo de desenvolvimento cient\u00edfico, tecnol\u00f3gico e cultural do Brasil e do mundo.<\/p>\n\n\n\n<p>O SINEPE-PI desenvolve importante trabalho de assessoramento t\u00e9cnico \u2013 administrativo \u2013 econ\u00f4mico e pedag\u00f3gico aos seus filiados, se firmando como entidade e conquistando novos espa\u00e7os no Estado, pela compet\u00eancia e seriedade de suas a\u00e7\u00f5es sindicais na \u00e1rea da educa\u00e7\u00e3o da rede de ensino privado.<\/p>\n\n\n\n<p><strong><br>S\u00c3O PRERROGATIVAS DO SINEPE-PI<\/strong><\/p>\n\n\n\n<p>\u2013 Representar, perante as autoridades administrativas e judici\u00e1rias, os direitos e interesses, coletivos e individuais, da categoria econ\u00f4mica dos estabelecimentos de ensino privado, em todo o Estado do Piau\u00ed;<\/p>\n\n\n\n<p>\u2013 Celebrar Contratos Coletivos de Trabalho;<\/p>\n\n\n\n<p>\u2013 Eleger os representantes da respectiva categoria;<\/p>\n\n\n\n<p>\u2013 Aplicar as penalidades de sua compet\u00eancia, prevista no seu Estatuto.<\/p>\n\n\n\n<p><strong>CAMINHANDO NO TEMPO E NO COMANDO DO SINEPE-PI<\/strong><\/p>\n\n\n\n<p>Ao entrar na sua fase mais madura, o SINEPE-PI abre novos flancos de atua\u00e7\u00e3o e consolida o seu papel de dirigente das institui\u00e7\u00f5es de ensino Piau\u00ed. Ao lan\u00e7ar m\u00e3o de parcerias na \u00e1rea social, o sindicato se une a institui\u00e7\u00f5es governamentais e a organiza\u00e7\u00f5es civis, somando esfor\u00e7os em campanhas, projetos e programas de envergadura social.<\/p>\n\n\n\n<p>Ao longo do tempo vimos construindo nossa hist\u00f3ria, em que v\u00e1rios diretores das institui\u00e7\u00f5es sindicalizadas desenvolveram importantes a\u00e7\u00f5es, como membros integrantes da Diretoria do SINEPE-PI, estimulando, divulgando e disseminando boas pr\u00e1ticas relacionadas \u00e0 gest\u00e3o educacional, com vis\u00e3o voltada para a melhoria da qualidade dos processos acad\u00eamicos e organizacionais.<\/p>\n\n\n\n<p>Consolidado no Estado do Piau\u00ed, o Sindicato, hoje mais amadurecido, delineia novas linhas de trabalho somando esfor\u00e7os com seus pares, aprimorando a sua interven\u00e7\u00e3o junto aos filiados numa proposta que busca a socializa\u00e7\u00e3o do saber, a constru\u00e7\u00e3o de valores \u00e9ticos, o aprimoramento das a\u00e7\u00f5es pedag\u00f3gicas das escolas, como contribui\u00e7\u00e3o indispens\u00e1vel \u00e0 afirma\u00e7\u00e3o da cidadania plena \u00e0s gera\u00e7\u00f5es do s\u00e9culo XXI.<\/p>\n\n\n\n<p><strong>GALERIA DOS EX-PRESIDENTES DO SINEPE-PI<\/strong><\/p>\n\n\n\n<p><strong>VESPASIANO GALV\u00c3O DE CARVALHO<br><\/strong>De: 06.05.1985 a 26.11.1987<br>De: 15.06.1989 a 10.08.1990<\/p>\n\n\n\n<p><strong>RAIMUNDO NONATO LEAL MARTINS<br><\/strong>De: 26.11.1987 a 31.05.1988<\/p>\n\n\n\n<p><strong>JOS\u00c9 GON\u00c7ALVES CORDEIRO FILHO<br><\/strong>De: 31.05.1988 a 15.06.1989<br>De: 23.05.1992 a 20.05.1994<br>De: 20.05.1998 a 05.05.2000<\/p>\n\n\n\n<p><strong>CLEMENTINO DE JESUS BARBOSA SIQUEIRA<\/strong><\/p>\n\n\n\n<p>De: 10.08.1990 a 23.05.1992<\/p>\n\n\n\n<p><strong>FRANCISCO WILSON SOARES DE ARA\u00daJO<br><\/strong>De: 21.05.1994 a 20.05.1998<\/p>\n\n\n\n<p><strong>PAULO RAIMUNDO MACHADO VALE<br><\/strong>De: 05.05.2000 a 31.01.2003<\/p>\n\n\n\n<p><strong>JOS\u00c9 OSSIAN DE PINHO ALENCAR<br><\/strong>De: 31.01.2003 a 31.01.2005<\/p>\n\n\n\n<p><strong>JOS\u00c9 NUNES DE SOUSA<br><\/strong>De: 31.01.2005 a 11.04.2011<\/p>\n\n\n\n<p><strong>DALTON LUIS DE MORAES LEAL<br><\/strong>De: 11.04.2011 a 10.09.2015<\/p>\n\n\n\n<p><strong>PAULO RAIMUNDO MACHADO VALE<br><\/strong>De: 10.09.2015 a 21.09.2017<\/p>\n\n\n\n<p><strong>MARCELO RODRIGUES DE SIQUEIRA<\/strong><br>De: 21.09.2017 a 24.09.2021<\/p>\n\n\n\n<p><strong>LEONARDO AIRTON PESSOA SOARES<\/strong><br>De: 24.09.2021 aos dias atuais<\/p>\n","protected":false},"excerpt":{"rendered":"<p>Constitu\u00eddo como entidade sindical em 1985, o Sindicato dos Estabelecimentos de Ensino do Estado do Piau\u00ed \u2013 SINEPE-PI, tem sua sede e foro na cidade de Teresina e base territorial no Estado do Piau\u00ed, com o objetivo de organizar, representar e fortalecer as escolas e faculdades particulares do Piau\u00ed. H\u00e1 37 anos, o Sindicato \u00e9 [&hellip;]<\/p>\n","protected":false},"author":1,"featured_media":0,"parent":0,"menu_order":0,"comment_status":"closed","ping_status":"closed","template":"","meta":{"_acf_changed":false,"footnotes":""},"class_list":["post-848","page","type-page","status-publish","hentry"],"acf":[],"yoast_head":"<!-- This site is optimized with the Yoast SEO plugin v26.6 - https:\/\/yoast.com\/wordpress\/plugins\/seo\/ -->\n<title>Hist\u00f3ria - SINEPE-PI - Sindicato dos Estabelecimentos de Ensino do Piau\u00ed<\/title>\n<meta name=\"robots\" content=\"index, follow, max-snippet:-1, max-image-preview:large, max-video-preview:-1\" \/>\n<link rel=\"canonical\" href=\"https:\/\/www.sinepe-pi.org.br\/site\/historia\/\" \/>\n<meta property=\"og:locale\" content=\"pt_BR\" \/>\n<meta property=\"og:type\" content=\"article\" \/>\n<meta property=\"og:title\" content=\"Hist\u00f3ria - SINEPE-PI - Sindicato dos Estabelecimentos de Ensino do Piau\u00ed\" \/>\n<meta property=\"og:description\" content=\"Constitu\u00eddo como entidade sindical em 1985, o Sindicato dos Estabelecimentos de Ensino do Estado do Piau\u00ed \u2013 SINEPE-PI, tem sua sede e foro na cidade de Teresina e base territorial no Estado do Piau\u00ed, com o objetivo de organizar, representar e fortalecer as escolas e faculdades particulares do Piau\u00ed. H\u00e1 37 anos, o Sindicato \u00e9 [&hellip;]\" \/>\n<meta property=\"og:url\" content=\"https:\/\/www.sinepe-pi.org.br\/site\/historia\/\" \/>\n<meta property=\"og:site_name\" content=\"SINEPE-PI - Sindicato dos Estabelecimentos de Ensino do Piau\u00ed\" \/>\n<meta property=\"article:publisher\" content=\"https:\/\/web.facebook.com\/sinepepiaui\" \/>\n<meta property=\"article:modified_time\" content=\"2022-03-31T15:16:56+00:00\" \/>\n<meta name=\"twitter:card\" content=\"summary_large_image\" \/>\n<meta name=\"twitter:label1\" content=\"Est. tempo de leitura\" \/>\n\t<meta name=\"twitter:data1\" content=\"3 minutos\" \/>\n<script type=\"application\/ld+json\" class=\"yoast-schema-graph\">{\"@context\":\"https:\/\/schema.org\",\"@graph\":[{\"@type\":\"WebPage\",\"@id\":\"https:\/\/www.sinepe-pi.org.br\/site\/historia\/\",\"url\":\"https:\/\/www.sinepe-pi.org.br\/site\/historia\/\",\"name\":\"Hist\u00f3ria - SINEPE-PI - Sindicato dos Estabelecimentos de Ensino do Piau\u00ed\",\"isPartOf\":{\"@id\":\"https:\/\/www.sinepe-pi.org.br\/site\/#website\"},\"datePublished\":\"2012-01-04T12:23:50+00:00\",\"dateModified\":\"2022-03-31T15:16:56+00:00\",\"breadcrumb\":{\"@id\":\"https:\/\/www.sinepe-pi.org.br\/site\/historia\/#breadcrumb\"},\"inLanguage\":\"pt-BR\",\"potentialAction\":[{\"@type\":\"ReadAction\",\"target\":[\"https:\/\/www.sinepe-pi.org.br\/site\/historia\/\"]}]},{\"@type\":\"BreadcrumbList\",\"@id\":\"https:\/\/www.sinepe-pi.org.br\/site\/historia\/#breadcrumb\",\"itemListElement\":[{\"@type\":\"ListItem\",\"position\":1,\"name\":\"P\u00e1gina Inicial\",\"item\":\"https:\/\/www.sinepe-pi.org.br\/site\/\"},{\"@type\":\"ListItem\",\"position\":2,\"name\":\"Hist\u00f3ria\"}]},{\"@type\":\"WebSite\",\"@id\":\"https:\/\/www.sinepe-pi.org.br\/site\/#website\",\"url\":\"https:\/\/www.sinepe-pi.org.br\/site\/\",\"name\":\"SINEPE-PI - Sindicato dos Estabelecimentos de Ensino do Piau\u00ed\",\"description\":\"Constitu\u00eddo como entidade sindical em 1985, o Sindicato dos Estabelecimentos de Ensino do Estado do Piau\u00ed \u2013 SINEPE\/PI, tem sua sede e foro na cidade de Teresina e base territorial no Estado do Piau\u00ed, com o objetivo de organizar, representar e fortalecer as escolas e faculdades particulares do Piau\u00ed. H\u00e1 31 anos, o Sindicato \u00e9 portanto, leg\u00edtimo representante das institui\u00e7\u00f5es de ensino da rede privada nesta unidade federada.\",\"publisher\":{\"@id\":\"https:\/\/www.sinepe-pi.org.br\/site\/#organization\"},\"potentialAction\":[{\"@type\":\"SearchAction\",\"target\":{\"@type\":\"EntryPoint\",\"urlTemplate\":\"https:\/\/www.sinepe-pi.org.br\/site\/?s={search_term_string}\"},\"query-input\":{\"@type\":\"PropertyValueSpecification\",\"valueRequired\":true,\"valueName\":\"search_term_string\"}}],\"inLanguage\":\"pt-BR\"},{\"@type\":\"Organization\",\"@id\":\"https:\/\/www.sinepe-pi.org.br\/site\/#organization\",\"name\":\"Sindicato das Institui\u00e7\u00f5es de Ensino do Estado do Piau\u00ed\",\"url\":\"https:\/\/www.sinepe-pi.org.br\/site\/\",\"logo\":{\"@type\":\"ImageObject\",\"inLanguage\":\"pt-BR\",\"@id\":\"https:\/\/www.sinepe-pi.org.br\/site\/#\/schema\/logo\/image\/\",\"url\":\"https:\/\/www.sinepe-pi.org.br\/site\/wp-content\/uploads\/2022\/03\/cropped-sinepe-frente.fw_-1-1.png\",\"contentUrl\":\"https:\/\/www.sinepe-pi.org.br\/site\/wp-content\/uploads\/2022\/03\/cropped-sinepe-frente.fw_-1-1.png\",\"width\":512,\"height\":512,\"caption\":\"Sindicato das Institui\u00e7\u00f5es de Ensino do Estado do Piau\u00ed\"},\"image\":{\"@id\":\"https:\/\/www.sinepe-pi.org.br\/site\/#\/schema\/logo\/image\/\"},\"sameAs\":[\"https:\/\/web.facebook.com\/sinepepiaui\",\"https:\/\/www.instagram.com\/sinepepiaui\/\"]}]}<\/script>\n<!-- \/ Yoast SEO plugin. -->","yoast_head_json":{"title":"Hist\u00f3ria - SINEPE-PI - Sindicato dos Estabelecimentos de Ensino do Piau\u00ed","robots":{"index":"index","follow":"follow","max-snippet":"max-snippet:-1","max-image-preview":"max-image-preview:large","max-video-preview":"max-video-preview:-1"},"canonical":"https:\/\/www.sinepe-pi.org.br\/site\/historia\/","og_locale":"pt_BR","og_type":"article","og_title":"Hist\u00f3ria - SINEPE-PI - Sindicato dos Estabelecimentos de Ensino do Piau\u00ed","og_description":"Constitu\u00eddo como entidade sindical em 1985, o Sindicato dos Estabelecimentos de Ensino do Estado do Piau\u00ed \u2013 SINEPE-PI, tem sua sede e foro na cidade de Teresina e base territorial no Estado do Piau\u00ed, com o objetivo de organizar, representar e fortalecer as escolas e faculdades particulares do Piau\u00ed. H\u00e1 37 anos, o Sindicato \u00e9 [&hellip;]","og_url":"https:\/\/www.sinepe-pi.org.br\/site\/historia\/","og_site_name":"SINEPE-PI - Sindicato dos Estabelecimentos de Ensino do Piau\u00ed","article_publisher":"https:\/\/web.facebook.com\/sinepepiaui","article_modified_time":"2022-03-31T15:16:56+00:00","twitter_card":"summary_large_image","twitter_misc":{"Est. tempo de leitura":"3 minutos"},"schema":{"@context":"https:\/\/schema.org","@graph":[{"@type":"WebPage","@id":"https:\/\/www.sinepe-pi.org.br\/site\/historia\/","url":"https:\/\/www.sinepe-pi.org.br\/site\/historia\/","name":"Hist\u00f3ria - SINEPE-PI - Sindicato dos Estabelecimentos de Ensino do Piau\u00ed","isPartOf":{"@id":"https:\/\/www.sinepe-pi.org.br\/site\/#website"},"datePublished":"2012-01-04T12:23:50+00:00","dateModified":"2022-03-31T15:16:56+00:00","breadcrumb":{"@id":"https:\/\/www.sinepe-pi.org.br\/site\/historia\/#breadcrumb"},"inLanguage":"pt-BR","potentialAction":[{"@type":"ReadAction","target":["https:\/\/www.sinepe-pi.org.br\/site\/historia\/"]}]},{"@type":"BreadcrumbList","@id":"https:\/\/www.sinepe-pi.org.br\/site\/historia\/#breadcrumb","itemListElement":[{"@type":"ListItem","position":1,"name":"P\u00e1gina Inicial","item":"https:\/\/www.sinepe-pi.org.br\/site\/"},{"@type":"ListItem","position":2,"name":"Hist\u00f3ria"}]},{"@type":"WebSite","@id":"https:\/\/www.sinepe-pi.org.br\/site\/#website","url":"https:\/\/www.sinepe-pi.org.br\/site\/","name":"SINEPE-PI - Sindicato dos Estabelecimentos de Ensino do Piau\u00ed","description":"Constitu\u00eddo como entidade sindical em 1985, o Sindicato dos Estabelecimentos de Ensino do Estado do Piau\u00ed \u2013 SINEPE\/PI, tem sua sede e foro na cidade de Teresina e base territorial no Estado do Piau\u00ed, com o objetivo de organizar, representar e fortalecer as escolas e faculdades particulares do Piau\u00ed. H\u00e1 31 anos, o Sindicato \u00e9 portanto, leg\u00edtimo representante das institui\u00e7\u00f5es de ensino da rede privada nesta unidade federada.","publisher":{"@id":"https:\/\/www.sinepe-pi.org.br\/site\/#organization"},"potentialAction":[{"@type":"SearchAction","target":{"@type":"EntryPoint","urlTemplate":"https:\/\/www.sinepe-pi.org.br\/site\/?s={search_term_string}"},"query-input":{"@type":"PropertyValueSpecification","valueRequired":true,"valueName":"search_term_string"}}],"inLanguage":"pt-BR"},{"@type":"Organization","@id":"https:\/\/www.sinepe-pi.org.br\/site\/#organization","name":"Sindicato das Institui\u00e7\u00f5es de Ensino do Estado do Piau\u00ed","url":"https:\/\/www.sinepe-pi.org.br\/site\/","logo":{"@type":"ImageObject","inLanguage":"pt-BR","@id":"https:\/\/www.sinepe-pi.org.br\/site\/#\/schema\/logo\/image\/","url":"https:\/\/www.sinepe-pi.org.br\/site\/wp-content\/uploads\/2022\/03\/cropped-sinepe-frente.fw_-1-1.png","contentUrl":"https:\/\/www.sinepe-pi.org.br\/site\/wp-content\/uploads\/2022\/03\/cropped-sinepe-frente.fw_-1-1.png","width":512,"height":512,"caption":"Sindicato das Institui\u00e7\u00f5es de Ensino do Estado do Piau\u00ed"},"image":{"@id":"https:\/\/www.sinepe-pi.org.br\/site\/#\/schema\/logo\/image\/"},"sameAs":["https:\/\/web.facebook.com\/sinepepiaui","https:\/\/www.instagram.com\/sinepepiaui\/"]}]}},"_links":{"self":[{"href":"https:\/\/www.sinepe-pi.org.br\/site\/wp-json\/wp\/v2\/pages\/848","targetHints":{"allow":["GET"]}}],"collection":[{"href":"https:\/\/www.sinepe-pi.org.br\/site\/wp-json\/wp\/v2\/pages"}],"about":[{"href":"https:\/\/www.sinepe-pi.org.br\/site\/wp-json\/wp\/v2\/types\/page"}],"author":[{"embeddable":true,"href":"https:\/\/www.sinepe-pi.org.br\/site\/wp-json\/wp\/v2\/users\/1"}],"replies":[{"embeddable":true,"href":"https:\/\/www.sinepe-pi.org.br\/site\/wp-json\/wp\/v2\/comments?post=848"}],"version-history":[{"count":0,"href":"https:\/\/www.sinepe-pi.org.br\/site\/wp-json\/wp\/v2\/pages\/848\/revisions"}],"wp:attachment":[{"href":"https:\/\/www.sinepe-pi.org.br\/site\/wp-json\/wp\/v2\/media?parent=848"}],"curies":[{"name":"wp","href":"https:\/\/api.w.org\/{rel}","templated":true}]}}